{"id":14,"date":"2021-02-05T13:49:38","date_gmt":"2021-02-05T13:49:38","guid":{"rendered":"https:\/\/wi239nm6j.homepage.t-online.de\/?page_id=14"},"modified":"2024-04-26T15:47:52","modified_gmt":"2024-04-26T15:47:52","slug":"startseite","status":"publish","type":"page","link":"https:\/\/buckandbones.de\/","title":{"rendered":"Startseite"},"content":{"rendered":"\t\t<div data-elementor-type=\"wp-page\" data-elementor-id=\"14\" class=\"elementor elementor-14\">\n\t\t\t\t\t\t\t\t\t<section class=\"elementor-section elementor-top-section elementor-element elementor-element-623cce7 elementor-section-height-min-height elementor-section-content-middle elementor-section-boxed elementor-section-height-default elementor-section-items-middle\" data-id=\"623cce7\" data-element_type=\"section\" data-settings=\"{&quot;background_background&quot;:&quot;classic&quot;}\">\n\t\t\t\t\t\t\t<div class=\"elementor-background-overlay\"><\/div>\n\t\t\t\t\t\t\t<div class=\"elementor-container elementor-column-gap-default\">\n\t\t\t\t\t<div class=\"elementor-column elementor-col-100 elementor-top-column elementor-element elementor-element-d86051d\" data-id=\"d86051d\" data-element_type=\"column\">\n\t\t\t<div class=\"elementor-widget-wrap elementor-element-populated\">\n\t\t\t\t\t\t\t\t<div class=\"elementor-element elementor-element-2411456 elementor-widget elementor-widget-heading\" data-id=\"2411456\" data-element_type=\"widget\" data-widget_type=\"heading.default\">\n\t\t\t\t<div class=\"elementor-widget-container\">\n\t\t\t<h2 class=\"elementor-heading-title elementor-size-default\"><br><br><br><br><br><br><br><br><br>Willkommen auf der Internetseite von<\/h2>\t\t<\/div>\n\t\t\t\t<\/div>\n\t\t\t\t<div class=\"elementor-element elementor-element-d816db2 elementor-widget elementor-widget-heading\" data-id=\"d816db2\" data-element_type=\"widget\" data-widget_type=\"heading.default\">\n\t\t\t\t<div class=\"elementor-widget-container\">\n\t\t\t<h2 class=\"elementor-heading-title elementor-size-default\">Buck & Bones<\/h2>\t\t<\/div>\n\t\t\t\t<\/div>\n\t\t\t\t<div class=\"elementor-element elementor-element-a7e0008 elementor-widget elementor-widget-button\" data-id=\"a7e0008\" data-element_type=\"widget\" data-widget_type=\"button.default\">\n\t\t\t\t<div class=\"elementor-widget-container\">\n\t\t\t\t\t<div class=\"elementor-button-wrapper\">\n\t\t\t<a href=\"https:\/\/buckandbones.de\/?page_id=27\" class=\"elementor-button-link elementor-button elementor-size-xs\" role=\"button\">\n\t\t\t\t\t\t<span class=\"elementor-button-content-wrapper\">\n\t\t\t\t\t\t<span class=\"elementor-button-text\">Mehr von mir<\/span>\n\t\t<\/span>\n\t\t\t\t\t<\/a>\n\t\t<\/div>\n\t\t\t\t<\/div>\n\t\t\t\t<\/div>\n\t\t\t\t\t<\/div>\n\t\t<\/div>\n\t\t\t\t\t\t\t<\/div>\n\t\t<\/section>\n\t\t\t\t<section class=\"elementor-section elementor-top-section elementor-element elementor-element-c531b03 elementor-section-boxed elementor-section-height-default elementor-section-height-default\" data-id=\"c531b03\" data-element_type=\"section\">\n\t\t\t\t\t\t<div class=\"elementor-container elementor-column-gap-default\">\n\t\t\t\t\t<div class=\"elementor-column elementor-col-100 elementor-top-column elementor-element elementor-element-a66170f\" data-id=\"a66170f\" data-element_type=\"column\">\n\t\t\t<div class=\"elementor-widget-wrap elementor-element-populated\">\n\t\t\t\t\t\t\t\t<div class=\"elementor-element elementor-element-e8e5eb7 elementor-widget elementor-widget-spacer\" data-id=\"e8e5eb7\" data-element_type=\"widget\" data-widget_type=\"spacer.default\">\n\t\t\t\t<div class=\"elementor-widget-container\">\n\t\t\t\t\t<div class=\"elementor-spacer\">\n\t\t\t<div class=\"elementor-spacer-inner\"><\/div>\n\t\t<\/div>\n\t\t\t\t<\/div>\n\t\t\t\t<\/div>\n\t\t\t\t<div class=\"elementor-element elementor-element-251dd1b elementor-widget elementor-widget-heading\" data-id=\"251dd1b\" data-element_type=\"widget\" data-widget_type=\"heading.default\">\n\t\t\t\t<div class=\"elementor-widget-container\">\n\t\t\t<h1 class=\"elementor-heading-title elementor-size-default\">Ern\u00e4hrungsberatung f\u00fcr Hunde<\/h1>\t\t<\/div>\n\t\t\t\t<\/div>\n\t\t\t\t<div class=\"elementor-element elementor-element-e3df257 elementor-widget elementor-widget-heading\" data-id=\"e3df257\" data-element_type=\"widget\" data-widget_type=\"heading.default\">\n\t\t\t\t<div class=\"elementor-widget-container\">\n\t\t\t<h2 class=\"elementor-heading-title elementor-size-default\">\u201eMein Hund w\u00fcrde Fleisch mit Gem\u00fcse kochen\u201c<\/h2>\t\t<\/div>\n\t\t\t\t<\/div>\n\t\t\t\t<div class=\"elementor-element elementor-element-a0f937e elementor-widget elementor-widget-text-editor\" data-id=\"a0f937e\" data-element_type=\"widget\" data-widget_type=\"text-editor.default\">\n\t\t\t\t<div class=\"elementor-widget-container\">\n\t\t\t\t\t\t\t<p><strong>Herzlich willkommen zur Ern\u00e4hrungsberatung f\u00fcr Hunde!<\/strong><br \/><br \/>&#8222;Mein Hund w\u00fcrde Fleisch mit Gem\u00fcse kochen&#8220; \u2013 dieser Leitsatz steht im Mittelpunkt meiner Beratung. Ich bin der Meinung und spreche aus Erfahrung, dass eine ausgewogene Ern\u00e4hrung, unter anderem, der Schl\u00fcssel zu einem gesunden und gl\u00fccklichen Hundeleben ist.<\/p><p>Meine Ern\u00e4hrungsberatung basiert auf einer ganzheitlichen Betrachtungsweise sowie die Idee dahinter, dass Hunde von Natur aus Fleischfresser sind und eine Ern\u00e4hrung ben\u00f6tigen, die ihren nat\u00fcrlichen Bed\u00fcrfnissen entspricht. Ich unterst\u00fctze Dich dabei, eine ausgewogene Mahlzeit zusammenzustellen, die nicht nur lecker, sondern auch voller wichtiger N\u00e4hrstoffe ist.<br \/>Bei der Vielfalt an Hundefutter auf dem Markt f\u00e4llt es oft schwer, das Richtige zu finden und die steigende Verwendung von Chemikalien im Hundefutter f\u00fchrt zu zunehmenden Allergien und Unvertr\u00e4glichkeiten bei Hunden.<\/p><p>Gemeinsam erkunden wir die Vielfalt an M\u00f6glichkeiten, wie Du die Ern\u00e4hrung Deines Hundes auf nat\u00fcrliche Weise optimieren kannst. Von frischem Fleisch und Gem\u00fcse bis hin zu hochwertigen Nahrungserg\u00e4nzungsmitteln \u2013 und wenn es sich nicht vermeiden l\u00e4sst, finden wir auch ein qualitativ gutes Fertigfutter, dass durchaus ebenso mit frischen Zutaten noch optimiert werden kann. Ich stehe Dir mit Rat und Tat zur Seite, um sicherzustellen, dass Dein Hund alles bekommt, was er braucht, um gesund und vital zu bleiben.<\/p><p>Ich freue mich darauf, Euch auf dieser spannenden Reise zu begleiten und dabei zu helfen, die bestm\u00f6gliche Ern\u00e4hrung f\u00fcr Deinen geliebten Vierbeiner zu finden.<\/p>\t\t\t\t\t\t<\/div>\n\t\t\t\t<\/div>\n\t\t\t\t<div class=\"elementor-element elementor-element-4d64064 elementor-widget elementor-widget-gallery\" data-id=\"4d64064\" data-element_type=\"widget\" data-settings=\"{&quot;aspect_ratio&quot;:&quot;9:16&quot;,&quot;lazyload&quot;:&quot;yes&quot;,&quot;gallery_layout&quot;:&quot;grid&quot;,&quot;columns&quot;:4,&quot;columns_tablet&quot;:2,&quot;columns_mobile&quot;:1,&quot;gap&quot;:{&quot;unit&quot;:&quot;px&quot;,&quot;size&quot;:10,&quot;sizes&quot;:[]},&quot;gap_tablet&quot;:{&quot;unit&quot;:&quot;px&quot;,&quot;size&quot;:10,&quot;sizes&quot;:[]},&quot;gap_mobile&quot;:{&quot;unit&quot;:&quot;px&quot;,&quot;size&quot;:10,&quot;sizes&quot;:[]},&quot;link_to&quot;:&quot;file&quot;,&quot;overlay_background&quot;:&quot;yes&quot;,&quot;content_hover_animation&quot;:&quot;fade-in&quot;}\" data-widget_type=\"gallery.default\">\n\t\t\t\t<div class=\"elementor-widget-container\">\n\t\t\t\t\t<div class=\"elementor-gallery__container\">\n\t\t\t\t\t\t\t<a class=\"e-gallery-item elementor-gallery-item elementor-animated-content\" href=\"https:\/\/buckandbones.de\/wp-content\/uploads\/2022\/05\/B06A0205-2a-2.jpg\" data-elementor-open-lightbox=\"yes\" data-elementor-lightbox-slideshow=\"all-4d64064\" data-elementor-lightbox-title=\"B06A0205-2a\" e-action-hash=\"#elementor-action%3Aaction%3Dlightbox%26settings%3DeyJpZCI6OTMzLCJ1cmwiOiJodHRwczpcL1wvYnVja2FuZGJvbmVzLmRlXC93cC1jb250ZW50XC91cGxvYWRzXC8yMDIyXC8wNVwvQjA2QTAyMDUtMmEtMi5qcGciLCJzbGlkZXNob3ciOiJhbGwtNGQ2NDA2NCJ9\">\n\t\t\t\t\t<div class=\"e-gallery-image elementor-gallery-item__image\" data-thumbnail=\"https:\/\/buckandbones.de\/wp-content\/uploads\/2022\/05\/B06A0205-2a-2-1024x683.jpg\" data-width=\"800\" data-height=\"534\" alt=\"\" ><\/div>\n\t\t\t\t\t\t\t\t\t\t<div class=\"elementor-gallery-item__overlay\"><\/div>\n\t\t\t\t\t\t\t\t\t\t\t\t\t\t<\/a>\n\t\t\t\t\t\t\t<a class=\"e-gallery-item elementor-gallery-item elementor-animated-content\" href=\"https:\/\/buckandbones.de\/wp-content\/uploads\/2022\/05\/B06A0356a-1.jpg\" data-elementor-open-lightbox=\"yes\" data-elementor-lightbox-slideshow=\"all-4d64064\" data-elementor-lightbox-title=\"B06A0356a\" e-action-hash=\"#elementor-action%3Aaction%3Dlightbox%26settings%3DeyJpZCI6MTAyMSwidXJsIjoiaHR0cHM6XC9cL2J1Y2thbmRib25lcy5kZVwvd3AtY29udGVudFwvdXBsb2Fkc1wvMjAyMlwvMDVcL0IwNkEwMzU2YS0xLmpwZyIsInNsaWRlc2hvdyI6ImFsbC00ZDY0MDY0In0%3D\">\n\t\t\t\t\t<div class=\"e-gallery-image elementor-gallery-item__image\" data-thumbnail=\"https:\/\/buckandbones.de\/wp-content\/uploads\/2022\/05\/B06A0356a-1-683x1024.jpg\" data-width=\"683\" data-height=\"1024\" alt=\"\" ><\/div>\n\t\t\t\t\t\t\t\t\t\t<div class=\"elementor-gallery-item__overlay\"><\/div>\n\t\t\t\t\t\t\t\t\t\t\t\t\t\t<\/a>\n\t\t\t\t\t\t\t<a class=\"e-gallery-item elementor-gallery-item elementor-animated-content\" href=\"https:\/\/buckandbones.de\/wp-content\/uploads\/2022\/05\/B06A0193-2a-1.jpg\" data-elementor-open-lightbox=\"yes\" data-elementor-lightbox-slideshow=\"all-4d64064\" data-elementor-lightbox-title=\"B06A0193-2a\" e-action-hash=\"#elementor-action%3Aaction%3Dlightbox%26settings%3DeyJpZCI6OTMyLCJ1cmwiOiJodHRwczpcL1wvYnVja2FuZGJvbmVzLmRlXC93cC1jb250ZW50XC91cGxvYWRzXC8yMDIyXC8wNVwvQjA2QTAxOTMtMmEtMS5qcGciLCJzbGlkZXNob3ciOiJhbGwtNGQ2NDA2NCJ9\">\n\t\t\t\t\t<div class=\"e-gallery-image elementor-gallery-item__image\" data-thumbnail=\"https:\/\/buckandbones.de\/wp-content\/uploads\/2022\/05\/B06A0193-2a-1-576x1024.jpg\" data-width=\"576\" data-height=\"1024\" alt=\"\" ><\/div>\n\t\t\t\t\t\t\t\t\t\t<div class=\"elementor-gallery-item__overlay\"><\/div>\n\t\t\t\t\t\t\t\t\t\t\t\t\t\t<\/a>\n\t\t\t\t\t\t\t<a class=\"e-gallery-item elementor-gallery-item elementor-animated-content\" href=\"https:\/\/buckandbones.de\/wp-content\/uploads\/2022\/05\/B06A0319-1.jpg\" data-elementor-open-lightbox=\"yes\" data-elementor-lightbox-slideshow=\"all-4d64064\" data-elementor-lightbox-title=\"B06A0319\" e-action-hash=\"#elementor-action%3Aaction%3Dlightbox%26settings%3DeyJpZCI6OTM0LCJ1cmwiOiJodHRwczpcL1wvYnVja2FuZGJvbmVzLmRlXC93cC1jb250ZW50XC91cGxvYWRzXC8yMDIyXC8wNVwvQjA2QTAzMTktMS5qcGciLCJzbGlkZXNob3ciOiJhbGwtNGQ2NDA2NCJ9\">\n\t\t\t\t\t<div class=\"e-gallery-image elementor-gallery-item__image\" data-thumbnail=\"https:\/\/buckandbones.de\/wp-content\/uploads\/2022\/05\/B06A0319-1-683x1024.jpg\" data-width=\"683\" data-height=\"1024\" alt=\"\" ><\/div>\n\t\t\t\t\t\t\t\t\t\t<div class=\"elementor-gallery-item__overlay\"><\/div>\n\t\t\t\t\t\t\t\t\t\t\t\t\t\t<\/a>\n\t\t\t\t\t<\/div>\n\t\t\t<\/div>\n\t\t\t\t<\/div>\n\t\t\t\t<div class=\"elementor-element elementor-element-df6a147 elementor-hidden-desktop elementor-hidden-tablet elementor-hidden-mobile elementor-widget elementor-widget-text-editor\" data-id=\"df6a147\" data-element_type=\"widget\" data-widget_type=\"text-editor.default\">\n\t\t\t\t<div class=\"elementor-widget-container\">\n\t\t\t\t\t\t\t<p><span data-syno-text=\"true\">Ich helfe Dir:<\/span><\/p><ul id=\"\" data-syno-attrs=\"{\"><li value=\"\" data-syno-attrs=\"{\"><span data-syno-text=\"true\">wenn Du die F\u00fctterung von Fertigfutter auf frisches Futter \/ BARF umstellen m\u00f6chtest<\/span><\/li><li value=\"\" data-syno-attrs=\"{\"><span data-syno-text=\"true\">bei der Auswahl des richtigen Futters<\/span><\/li><li value=\"\" data-syno-attrs=\"{\"><span data-syno-text=\"true\">wenn Du nicht (ganz) auf Fertigfutter verzichten kannst oder willst \u2013 auch hier finden wir eine L\u00f6sung, die f\u00fcr Dich und Deinen Liebling passt<\/span><\/li><li value=\"\" data-syno-attrs=\"{\"><span data-syno-text=\"true\">wenn Dein Hund Probleme in Form von Allergien und Unvertr\u00e4glichkeiten hat, finden wir die Ursache des Problems gemeinsam heraus, denn dies bedeutet immer akribische Detektivarbeit.<br \/><\/span><p><span data-syno-text=\"true\">Dar\u00fcber hinaus stehe ich in Sachen Gesundheit und Pflege beratend zur Seite. Ich arbeite beispielsweise mit dem Labor Vetscreen zusammen. Beachte bitte: dies schlie\u00dft unter keinen Umst\u00e4nden die Behandlung durch einen Tierarzt im Krankheitsfall aus \u2013 die Behandlung ernsthafter Erkrankungen sind immer den Tier\u00e4rzten vorbehalten.<\/span><\/p><p><span data-syno-text=\"true\">Ich freue mich, wenn Du Dich auf meiner Seite umschaust \u2013 dort findest Du weitere Informationen \u00fcber mein Angebot. Wenn Du Interesse hast und eine Beratung m\u00f6chtest, nimm gerne Kontakt mit mir auf. Dies kann telefonisch oder \u00fcber das Kontaktformular erfolgen. <\/span><\/p><\/li><\/ul>\t\t\t\t\t\t<\/div>\n\t\t\t\t<\/div>\n\t\t\t\t<div class=\"elementor-element elementor-element-ee031b5 elementor-widget elementor-widget-text-editor\" data-id=\"ee031b5\" data-element_type=\"widget\" data-widget_type=\"text-editor.default\">\n\t\t\t\t<div class=\"elementor-widget-container\">\n\t\t\t\t\t\t\t<p>Bitte beachte: Meine Beratung ersetzt keinesfalls die Behandlung durch einen Tierarzt im Falle einer Krankheit. Die Behandlung ernsthafter Erkrankungen obliegt immer den Tier\u00e4rzten.<br \/><br \/>Schau Dich gerne auf meiner Webseite um, um mehr \u00fcber mein Angebot zu erfahren. Wenn Du Interesse an einer Beratung hast, nimm bitte Kontakt mit mir auf. Du kannst mich telefonisch erreichen oder das Kontaktformular nutzen. Ich freue mich darauf, von Dir zu h\u00f6ren.<\/p>\t\t\t\t\t\t<\/div>\n\t\t\t\t<\/div>\n\t\t\t\t<div class=\"elementor-element elementor-element-ab146c6 elementor-widget elementor-widget-spacer\" data-id=\"ab146c6\" data-element_type=\"widget\" data-widget_type=\"spacer.default\">\n\t\t\t\t<div class=\"elementor-widget-container\">\n\t\t\t\t\t<div class=\"elementor-spacer\">\n\t\t\t<div class=\"elementor-spacer-inner\"><\/div>\n\t\t<\/div>\n\t\t\t\t<\/div>\n\t\t\t\t<\/div>\n\t\t\t\t\t<\/div>\n\t\t<\/div>\n\t\t\t\t\t\t\t<\/div>\n\t\t<\/section>\n\t\t\t\t<section class=\"elementor-section elementor-top-section elementor-element elementor-element-445c22e elementor-section-boxed elementor-section-height-default elementor-section-height-default\" data-id=\"445c22e\" data-element_type=\"section\">\n\t\t\t\t\t\t<div class=\"elementor-container elementor-column-gap-default\">\n\t\t\t\t\t<div class=\"elementor-column elementor-col-100 elementor-top-column elementor-element elementor-element-ecbd56c\" data-id=\"ecbd56c\" data-element_type=\"column\">\n\t\t\t<div class=\"elementor-widget-wrap elementor-element-populated\">\n\t\t\t\t\t\t\t\t<div class=\"elementor-element elementor-element-3cbba49 elementor-widget-divider--view-line_text elementor-widget-divider--element-align-center elementor-widget elementor-widget-divider\" data-id=\"3cbba49\" data-element_type=\"widget\" data-widget_type=\"divider.default\">\n\t\t\t\t<div class=\"elementor-widget-container\">\n\t\t\t\t\t<div class=\"elementor-divider\">\n\t\t\t<span class=\"elementor-divider-separator\">\n\t\t\t\t\t\t\t<span class=\"elementor-divider__text elementor-divider__element\">\n\t\t\t\tWieso ich ?\t\t\t\t<\/span>\n\t\t\t\t\t\t<\/span>\n\t\t<\/div>\n\t\t\t\t<\/div>\n\t\t\t\t<\/div>\n\t\t\t\t<div class=\"elementor-element elementor-element-d064c88 elementor-widget elementor-widget-spacer\" data-id=\"d064c88\" data-element_type=\"widget\" data-widget_type=\"spacer.default\">\n\t\t\t\t<div class=\"elementor-widget-container\">\n\t\t\t\t\t<div class=\"elementor-spacer\">\n\t\t\t<div class=\"elementor-spacer-inner\"><\/div>\n\t\t<\/div>\n\t\t\t\t<\/div>\n\t\t\t\t<\/div>\n\t\t\t\t\t<\/div>\n\t\t<\/div>\n\t\t\t\t\t\t\t<\/div>\n\t\t<\/section>\n\t\t\t\t<section class=\"elementor-section elementor-top-section elementor-element elementor-element-953f0ae elementor-section-boxed elementor-section-height-default elementor-section-height-default\" data-id=\"953f0ae\" data-element_type=\"section\">\n\t\t\t\t\t\t<div class=\"elementor-container elementor-column-gap-default\">\n\t\t\t\t\t<div class=\"elementor-column elementor-col-33 elementor-top-column elementor-element elementor-element-6a7f505\" data-id=\"6a7f505\" data-element_type=\"column\">\n\t\t\t<div class=\"elementor-widget-wrap elementor-element-populated\">\n\t\t\t\t\t\t\t\t<div class=\"elementor-element elementor-element-26a0986 elementor-view-default elementor-mobile-position-top elementor-vertical-align-top elementor-widget elementor-widget-icon-box\" data-id=\"26a0986\" data-element_type=\"widget\" data-widget_type=\"icon-box.default\">\n\t\t\t\t<div class=\"elementor-widget-container\">\n\t\t\t\t\t<div class=\"elementor-icon-box-wrapper\">\n\t\t\t\t\t\t<div class=\"elementor-icon-box-icon\">\n\t\t\t\t<span class=\"elementor-icon elementor-animation-\" >\n\t\t\t\t<i aria-hidden=\"true\" class=\"fas fa-book-open\"><\/i>\t\t\t\t<\/span>\n\t\t\t<\/div>\n\t\t\t\t\t\t<div class=\"elementor-icon-box-content\">\n\t\t\t\t<h3 class=\"elementor-icon-box-title\">\n\t\t\t\t\t<span  >\n\t\t\t\t\t\tGESUND GEF\u00dcTTERT!\t\t\t\t\t<\/span>\n\t\t\t\t<\/h3>\n\t\t\t\t\t\t\t\t\t<p class=\"elementor-icon-box-description\">\n\t\t\t\t\t\t- Healthy Dog Food <br>\n- Artgerecht und nat\u00fcrlich <br>\n- Gesund & Vital <br>\n- Dein Hund ist, was er (fr)isst !\t\t\t\t\t<\/p>\n\t\t\t\t\t\t\t<\/div>\n\t\t<\/div>\n\t\t\t\t<\/div>\n\t\t\t\t<\/div>\n\t\t\t\t\t<\/div>\n\t\t<\/div>\n\t\t\t\t<div class=\"elementor-column elementor-col-33 elementor-top-column elementor-element elementor-element-831f021\" data-id=\"831f021\" data-element_type=\"column\">\n\t\t\t<div class=\"elementor-widget-wrap elementor-element-populated\">\n\t\t\t\t\t\t\t\t<div class=\"elementor-element elementor-element-9d1449d elementor-view-default elementor-mobile-position-top elementor-vertical-align-top elementor-widget elementor-widget-icon-box\" data-id=\"9d1449d\" data-element_type=\"widget\" data-widget_type=\"icon-box.default\">\n\t\t\t\t<div class=\"elementor-widget-container\">\n\t\t\t\t\t<div class=\"elementor-icon-box-wrapper\">\n\t\t\t\t\t\t<div class=\"elementor-icon-box-icon\">\n\t\t\t\t<span class=\"elementor-icon elementor-animation-\" >\n\t\t\t\t<i aria-hidden=\"true\" class=\"fas fa-book-open\"><\/i>\t\t\t\t<\/span>\n\t\t\t<\/div>\n\t\t\t\t\t\t<div class=\"elementor-icon-box-content\">\n\t\t\t\t<h3 class=\"elementor-icon-box-title\">\n\t\t\t\t\t<span  >\n\t\t\t\t\t\tGANZHEITLICH BETRACHTET!\t\t\t\t\t<\/span>\n\t\t\t\t<\/h3>\n\t\t\t\t\t\t\t\t\t<p class=\"elementor-icon-box-description\">\n\t\t\t\t\t\t- Kompetent fundiert <br>\n- Professionell und pers\u00f6nlich <br>\n- Individuell f\u00fcr dich und Deinen Vierbeiner\t\t\t\t\t<\/p>\n\t\t\t\t\t\t\t<\/div>\n\t\t<\/div>\n\t\t\t\t<\/div>\n\t\t\t\t<\/div>\n\t\t\t\t\t<\/div>\n\t\t<\/div>\n\t\t\t\t<div class=\"elementor-column elementor-col-33 elementor-top-column elementor-element elementor-element-a6b48cc\" data-id=\"a6b48cc\" data-element_type=\"column\">\n\t\t\t<div class=\"elementor-widget-wrap elementor-element-populated\">\n\t\t\t\t\t\t\t\t<div class=\"elementor-element elementor-element-704931f elementor-view-default elementor-mobile-position-top elementor-vertical-align-top elementor-widget elementor-widget-icon-box\" data-id=\"704931f\" data-element_type=\"widget\" data-widget_type=\"icon-box.default\">\n\t\t\t\t<div class=\"elementor-widget-container\">\n\t\t\t\t\t<div class=\"elementor-icon-box-wrapper\">\n\t\t\t\t\t\t<div class=\"elementor-icon-box-icon\">\n\t\t\t\t<span class=\"elementor-icon elementor-animation-\" >\n\t\t\t\t<i aria-hidden=\"true\" class=\"fas fa-book-open\"><\/i>\t\t\t\t<\/span>\n\t\t\t<\/div>\n\t\t\t\t\t\t<div class=\"elementor-icon-box-content\">\n\t\t\t\t<h3 class=\"elementor-icon-box-title\">\n\t\t\t\t\t<span  >\n\t\t\t\t\t\tMONITORING!\t\t\t\t\t<\/span>\n\t\t\t\t<\/h3>\n\t\t\t\t\t\t\t\t\t<p class=\"elementor-icon-box-description\">\n\t\t\t\t\t\t- Mobil unterwegs <br>\n- (Fast) immer erreichbar <br>\n- Immer f\u00fcr Euch da\t\t\t\t\t<\/p>\n\t\t\t\t\t\t\t<\/div>\n\t\t<\/div>\n\t\t\t\t<\/div>\n\t\t\t\t<\/div>\n\t\t\t\t\t<\/div>\n\t\t<\/div>\n\t\t\t\t\t\t\t<\/div>\n\t\t<\/section>\n\t\t\t\t\t\t\t<\/div>\n\t\t","protected":false},"excerpt":{"rendered":"<p>Willkommen auf der Internetseite von Buck &#038; Bones Mehr von mir Ern\u00e4hrungsberatung f\u00fcr Hunde \u201eMein Hund w\u00fcrde Fleisch mit Gem\u00fcse kochen\u201c Herzlich willkommen zur Ern\u00e4hrungsberatung f\u00fcr Hunde! &#8222;Mein Hund w\u00fcrde Fleisch mit Gem\u00fcse kochen&#8220; \u2013 dieser Leitsatz steht im Mittelpunkt meiner Beratung. Ich bin der Meinung und spreche aus Erfahrung, dass eine ausgewogene Ern\u00e4hrung, unter [&hellip;]<\/p>\n","protected":false},"author":6,"featured_media":0,"parent":0,"menu_order":0,"comment_status":"closed","ping_status":"closed","template":"","meta":{"footnotes":""},"class_list":["post-14","page","type-page","status-publish","hentry"],"yoast_head":"<!-- This site is optimized with the Yoast SEO plugin v18.8 - https:\/\/yoast.com\/wordpress\/plugins\/seo\/ -->\n<title>Startseite - Buck &amp; Bones<\/title>\n<meta name=\"robots\" content=\"index, follow, max-snippet:-1, max-image-preview:large, max-video-preview:-1\" \/>\n<link rel=\"canonical\" href=\"https:\/\/buckandbones.de\/\" \/>\n<meta property=\"og:locale\" content=\"de_DE\" \/>\n<meta property=\"og:type\" content=\"article\" \/>\n<meta property=\"og:title\" content=\"Startseite - Buck &amp; Bones\" \/>\n<meta property=\"og:description\" content=\"Willkommen auf der Internetseite von Buck &#038; Bones Mehr von mir Ern\u00e4hrungsberatung f\u00fcr Hunde \u201eMein Hund w\u00fcrde Fleisch mit Gem\u00fcse kochen\u201c Herzlich willkommen zur Ern\u00e4hrungsberatung f\u00fcr Hunde! &#8222;Mein Hund w\u00fcrde Fleisch mit Gem\u00fcse kochen&#8220; \u2013 dieser Leitsatz steht im Mittelpunkt meiner Beratung. Ich bin der Meinung und spreche aus Erfahrung, dass eine ausgewogene Ern\u00e4hrung, unter [&hellip;]\" \/>\n<meta property=\"og:url\" content=\"https:\/\/buckandbones.de\/\" \/>\n<meta property=\"og:site_name\" content=\"Buck &amp; Bones\" \/>\n<meta property=\"article:modified_time\" content=\"2024-04-26T15:47:52+00:00\" \/>\n<meta name=\"twitter:card\" content=\"summary_large_image\" \/>\n<meta name=\"twitter:label1\" content=\"Gesch\u00e4tzte Lesezeit\" \/>\n\t<meta name=\"twitter:data1\" content=\"2\u00a0Minuten\" \/>\n<script type=\"application\/ld+json\" class=\"yoast-schema-graph\">{\"@context\":\"https:\/\/schema.org\",\"@graph\":[{\"@type\":\"WebSite\",\"@id\":\"https:\/\/buckandbones.de\/#website\",\"url\":\"https:\/\/buckandbones.de\/\",\"name\":\"Buck &amp; Bones\",\"description\":\"\",\"potentialAction\":[{\"@type\":\"SearchAction\",\"target\":{\"@type\":\"EntryPoint\",\"urlTemplate\":\"https:\/\/buckandbones.de\/?s={search_term_string}\"},\"query-input\":\"required name=search_term_string\"}],\"inLanguage\":\"de\"},{\"@type\":\"WebPage\",\"@id\":\"https:\/\/buckandbones.de\/#webpage\",\"url\":\"https:\/\/buckandbones.de\/\",\"name\":\"Startseite - Buck &amp; Bones\",\"isPartOf\":{\"@id\":\"https:\/\/buckandbones.de\/#website\"},\"datePublished\":\"2021-02-05T13:49:38+00:00\",\"dateModified\":\"2024-04-26T15:47:52+00:00\",\"breadcrumb\":{\"@id\":\"https:\/\/buckandbones.de\/#breadcrumb\"},\"inLanguage\":\"de\",\"potentialAction\":[{\"@type\":\"ReadAction\",\"target\":[\"https:\/\/buckandbones.de\/\"]}]},{\"@type\":\"BreadcrumbList\",\"@id\":\"https:\/\/buckandbones.de\/#breadcrumb\",\"itemListElement\":[{\"@type\":\"ListItem\",\"position\":1,\"name\":\"Home\",\"item\":\"https:\/\/buckandbones.de\/\"},{\"@type\":\"ListItem\",\"position\":2,\"name\":\"Startseite\"}]}]}<\/script>\n<!-- \/ Yoast SEO plugin. -->","yoast_head_json":{"title":"Startseite - Buck &amp; Bones","robots":{"index":"index","follow":"follow","max-snippet":"max-snippet:-1","max-image-preview":"max-image-preview:large","max-video-preview":"max-video-preview:-1"},"canonical":"https:\/\/buckandbones.de\/","og_locale":"de_DE","og_type":"article","og_title":"Startseite - Buck &amp; Bones","og_description":"Willkommen auf der Internetseite von Buck &#038; Bones Mehr von mir Ern\u00e4hrungsberatung f\u00fcr Hunde \u201eMein Hund w\u00fcrde Fleisch mit Gem\u00fcse kochen\u201c Herzlich willkommen zur Ern\u00e4hrungsberatung f\u00fcr Hunde! &#8222;Mein Hund w\u00fcrde Fleisch mit Gem\u00fcse kochen&#8220; \u2013 dieser Leitsatz steht im Mittelpunkt meiner Beratung. Ich bin der Meinung und spreche aus Erfahrung, dass eine ausgewogene Ern\u00e4hrung, unter [&hellip;]","og_url":"https:\/\/buckandbones.de\/","og_site_name":"Buck &amp; Bones","article_modified_time":"2024-04-26T15:47:52+00:00","twitter_card":"summary_large_image","twitter_misc":{"Gesch\u00e4tzte Lesezeit":"2\u00a0Minuten"},"schema":{"@context":"https:\/\/schema.org","@graph":[{"@type":"WebSite","@id":"https:\/\/buckandbones.de\/#website","url":"https:\/\/buckandbones.de\/","name":"Buck &amp; Bones","description":"","potentialAction":[{"@type":"SearchAction","target":{"@type":"EntryPoint","urlTemplate":"https:\/\/buckandbones.de\/?s={search_term_string}"},"query-input":"required name=search_term_string"}],"inLanguage":"de"},{"@type":"WebPage","@id":"https:\/\/buckandbones.de\/#webpage","url":"https:\/\/buckandbones.de\/","name":"Startseite - Buck &amp; Bones","isPartOf":{"@id":"https:\/\/buckandbones.de\/#website"},"datePublished":"2021-02-05T13:49:38+00:00","dateModified":"2024-04-26T15:47:52+00:00","breadcrumb":{"@id":"https:\/\/buckandbones.de\/#breadcrumb"},"inLanguage":"de","potentialAction":[{"@type":"ReadAction","target":["https:\/\/buckandbones.de\/"]}]},{"@type":"BreadcrumbList","@id":"https:\/\/buckandbones.de\/#breadcrumb","itemListElement":[{"@type":"ListItem","position":1,"name":"Home","item":"https:\/\/buckandbones.de\/"},{"@type":"ListItem","position":2,"name":"Startseite"}]}]}},"_links":{"self":[{"href":"https:\/\/buckandbones.de\/index.php?rest_route=\/wp\/v2\/pages\/14","targetHints":{"allow":["GET"]}}],"collection":[{"href":"https:\/\/buckandbones.de\/index.php?rest_route=\/wp\/v2\/pages"}],"about":[{"href":"https:\/\/buckandbones.de\/index.php?rest_route=\/wp\/v2\/types\/page"}],"author":[{"embeddable":true,"href":"https:\/\/buckandbones.de\/index.php?rest_route=\/wp\/v2\/users\/6"}],"replies":[{"embeddable":true,"href":"https:\/\/buckandbones.de\/index.php?rest_route=%2Fwp%2Fv2%2Fcomments&post=14"}],"version-history":[{"count":366,"href":"https:\/\/buckandbones.de\/index.php?rest_route=\/wp\/v2\/pages\/14\/revisions"}],"predecessor-version":[{"id":1379,"href":"https:\/\/buckandbones.de\/index.php?rest_route=\/wp\/v2\/pages\/14\/revisions\/1379"}],"wp:attachment":[{"href":"https:\/\/buckandbones.de\/index.php?rest_route=%2Fwp%2Fv2%2Fmedia&parent=14"}],"curies":[{"name":"wp","href":"https:\/\/api.w.org\/{rel}","templated":true}]}}